 106*p + 0. Let z be n(-2). Suppose v = -3*j - 0*j + 9916, v = 3*j - z. Is j prime?
False
Let x = -18 - -35. Suppose 4*l + 3*u = x, -3*u - 4 = -l - 4*u. Is (-8)/l + 1 - 2444/(-65) prime?
True
Let r = 57 + -54. Suppose -f = g - 11 + r, 0 = -g - 4*f + 23. Suppose 3*m = -g*u + 159, 0*u - 3*u + 101 = 2*m. Is m prime?
False
Let y(q) = -172234*q + 8197. Is y(-9) a prime number?
True
Let c be -1 - 6/18 - 3/(-9). Is (2 + c)/((-10)/271560*-12) a prime number?
False
Let o = -8177 + 13800. Is o a prime number?
True
Let s = -210979 - -361034. Is s composite?
True
Let r be ((120/18)/10)/(4/966). Suppose -3493 = -r*j + 160*j. Is j prime?
False
Suppose -4*r + 2*y + 3*y + 27 = 0, 0 = -r - 4*y - 9. Suppose -3*b = -5*b - 3*d - 30, -r*d - 60 = 4*b. Is 3*(4 - 2725/b) prime?
True
Suppose 8*w + 2*w = 3*w. Suppose 4*x = 16*c - 15*c - 5793, 4*c + x - 23257 = w. Is c prime?
True
Suppose -24*h + 156 = 2*h. Suppose 1231 + 5903 = h*a. Is a a prime number?
False
Let h = -1169 - -595. Let b = 1361 + h. Is b a composite number?
False
Let m = -143442 + 440009. Is m prime?
False
Let z(k) = -2*k**3 + 3*k**2 - 33*k + 95. Let p be z(-28). Suppose -p = -12*b - 2911. Is b prime?
True
Let t = 262 - 261. Let y(p) = 2632*p**2 - 2*p + 3. Is y(t) a composite number?
False
Suppose 2*f + 59 = 195. Suppose 2*z + 7*u - 4*u + 15 = 0, 2*z - 5*u = 25. Suppose z = -4*n + 2*n + f. Is n composite?
True
Let l(y) = 2*y - 1. Let d be l(2). Suppose 3968 = 2*g + 2*g + 2*m, -d*g = -3*m - 2967. Suppose -7*w - 2*z = -3*w - 1320, 3*w = -z + g. Is w a composite number?
False
Let m(x) = -x**3 + 7*x**2 + 2*x - 9. Let z be m(7). Suppose z*s + 1155 = 3*t, -5*t + 2*s + 1915 = -3*s. Let b = t + 11. Is b composite?
True
Let j = -33408 + 84365. Is j a composite number?
False
Let r be 103 - 1 - (6 + -3). Let j(w) = 3*w**2 - 32*w + 10. Let h be j(13). Suppose h*d = r*d + 796. Is d a composite number?
True
Suppose o + 166 = 170. Suppose 21*i = 25*i + 20, -i + 58831 = o*f. Is f a prime number?
False
Let i(x) = 3*x**3 - 21*x**2 + 25*x - 25. Suppose -3*c = k - 46, 5*c + 28*k - 74 = 27*k. Is i(c) a composite number?
False
Let g be 0 - -2 - (6 - (-4 - -11)). Suppose -2*t + 115 = 3*m, 2*t - 2*m = g*m + 91. Let k = t + -15. Is k composite?
True
Suppose 110*p - 43323733 - 4194120 = 5471127. Is p prime?
False
Let a(m) = 5 - 4 + 76*m + 1 + 6. Let n be a(-9). Let d = n - -1317. Is d a composite number?
False
Let r(s) = -2794*s + 897. Is r(-20) composite?
True
Suppose -17057 + 24933 = 4*a. Is a a prime number?
False
Is (-258)/860 + (-1 - 258203/(-10)) a composite number?
False
Let d(u) = u**2 + 11*u - 23. Let b be d(-13). Suppose b = -p + 9. Let x(f) = -f**3 + 7*f**2 + 6*f - 5. Is x(p) a composite number?
False
Suppose -367*r + 56*r - 667961 = -16596448. Is r prime?
True
Suppose -5*d + 51978 = -3*w, -3*w + 2678 = -3*d + 33860. Suppose 0 = 103*u - 106*u + d. Is u a prime number?
False
Suppose 210072 = 23*i + i. Let j = -5382 + i. Is j a composite number?
False
Let c(u) = 54*u + 2521. Is c(0) prime?
True
Let f = 37 + -31. Suppose f*x = 11*x + 65. Is (-8487)/x + (3 - (-148)/(-52)) prime?
True
Let w = 1156783 - 153012. Is w a prime number?
True
Let p(b) = 3*b**2 - 16*b + 23. Let c be -2 - -12 - (-2 + 0). Suppose -2*n = -c - 12. Is p(n) prime?
True
Suppose -4*b + 108 + 191 = 5*n, -5*n + 3*b = -292. Suppose -20 = n*q - 64*q. Suppose 5*h - 8*w - 1605 = -3*w, -q*h - 5*w = -1248. Is h composite?
False
Let r = -273787 + 543848. Is r a prime number?
False
Suppose 31 = 2*j + t, 5*j - 3*t = 51 + 54. Suppose -5*a = -j - 2. Is a/12 + -290*2/(-6) prime?
True
Let w(c) = c - 3. Let q be w(-6). Let v(j) = j**3 + 9*j**2 + 2. Let k be v(q). Suppose 0 = 3*g - 2*m - 6455, -k*g + 6463 = g + 2*m. Is g a prime number?
True
Suppose 579 = -33*w + 117. Is 2203*(w/(-16) + 9/72) a prime number?
True
Let u be (-5)/(-10)*303*16/6. Let x = 813 - u. Let h = 782 - x. Is h a prime number?
True
Let s = -233 - -256. Let n(i) = 310*i - 69. Is n(s) prime?
False
Let c(h) = -10*h**2 + 16*h - 1. Let m be c(4). Suppose 0*v - 5*v + 895 = 0. Let z = v + m. Is z a composite number?
True
Suppose -r = i + 4845, -10*r - 2*i + 9678 = -12*r. Suppose 0 = -0*f + 4*f - s - 28936, -5*f + 36159 = -4*s. Let k = f + r. Is k a prime number?
True
Suppose q + 16093302 = 45*q - 3666086. Is q a prime number?
True
Let i(j) = -765*j**2 - 12*j - 34. Let p(a) = 767*a**2 + 12*a + 35. Let r(m) = 2*i(m) + 3*p(m). Is r(-6) prime?
False
Suppose 2*l = -3*f - 1, 2*f - 2*l - 7 = 3*f. Suppose -f*q = -5*n - 50523, -4*q + 3739 = n - 63625. Is q a prime number?
False
Let s(j) = 9929*j**2 + 30*j - 139. Is s(4) a prime number?
False
Suppose 0 = -9*q + 23615 + 32446. Suppose -49*t + 50*t - q = 0. Is t composite?
False
Let i(s) = -6*s - 46. Let g be i(-7). Is (430/g)/(4 - (-36)/(-8)) a prime number?
False
Let o = 47 + -43. Let a(w) = -w**3 + 10*w**2 + 11*w + 4. Let d be a(11). Suppose -669 = p - d*p - o*v, 669 = 3*p - v. Is p composite?
False
Let t = -4 - -8. Let c be 4342 - (-8)/2 - t. Suppose 4*j - c = -2*h + 126, j + 4*h - 1131 = 0. Is j prime?
False
Let r = 15320 + -5862. Suppose 6*n - 8*n = -r. Is n prime?
True
Let s(d) = -12*d - 103. Let j be s(-10). Suppose -2*g - 12*h + 9798 = -j*h, 3*h - 19544 = -4*g. Is g a prime number?
True
Let u(b) = -b**2 - 6*b - 1. Let v(t) = 35*t**2 - 18*t + 156. Let f(l) = 2*u(l) + v(l). Is f(-23) a composite number?
False
Let q be (18 - 2)*1 + (-28)/14. Let i be 960/q*(-420)/(-24). Let w = i - -1003. Is w a prime number?
True
Let v be (3 - 19/7) + 96/56. Is (-8 + (-1431)/(-2))/(1/v) prime?
False
Suppose 12*y - 9*y = -5*r - 9, -5*y = 3*r - 1. Suppose -2*d + 5006 - 41 = 5*q, -y*q - 3*d = -1997. Is q prime?
True
Let z(q) = 4267*q**2 + 315*q + 1. Is z(-7) composite?
False
Let y(v) = 5*v**3 - 35*v**2 + 7*v - 65. Let d be 2*(-6)/15*-20. Is y(d) a composite number?
True
Let b = 38507 + -17313. Suppose 50468 = 5*x + m, 4*m - 19174 = -4*x + b. Let p = -5841 + x. Is p composite?
False
Let y(c) = 91*c**2 + 2678*c + 20. Is y(-41) a prime number?
False
Suppose -i + 8 - 17 = -2*n, 5*n - 25 = 5*i. Is -586*n/(-16)*14 a composite number?
True
Suppose -23*z + 374800 = -958809. Is z prime?
False
Let s(f) = -3118*f - 6505. Is s(-23) a composite number?
True
Let i(y) = y**2 + 136*y + 133621. Is i(0) a prime number?
False
Suppose 5*c - 4*u + 60 = 0, 8*u - 13 = c + 7*u. Let v(z) = -10*z**3 - 10*z**2 - 15*z - 65. Is v(c) a composite number?
True
Suppose -2129427 + 10360961 = 58*g. Is g composite?
True
Let b(r) = -r**3 - 49*r**2 - 109*r - 95. Let x be b(-46). Let w = -2254 + -94. Let n = x - w. Is n a composite number?
False
Is 10323840/684 - (0 - (-10)/(-6)) a composite number?
True
Suppose -2*c + 5*q = -61, 5*c - 145 = 10*q - 5*q. Let n = 2913 - c. Is n a composite number?
True
Let d = 733 - -1992. Let u = d + -1040. Is u a composite number?
True
Let c = 36 - 21. Let f(m) = 26 + 95*m + 44 + c + 33*m. Is f(21) prime?
False
Let c = -9 - -19. Let r be 3735 - ((-9)/12 + 2)/(18/(-72)). Suppose 0 = -c*w + r + 3600. Is w a composite number?
True
Let w(k) = 4*k**2 + 19*k + 42557. Is w(0) a prime number?
True
Let v(f) = -7*f**3 + f**2 - 34*f + 9. Let s(m) = 13*m**3 - m**2 + 68*m - 18. Let x(t) = -4*s(t) - 9*v(t). Is x(10) a prime number?
True
Let d(q) = -12*q**3 - q**2 - 9*q - 15. Let l be d(9). Let h = 13396 + l. Let g = 8316 - h. Is g a prime number?
False
Let t(z) = 909*z**3 + 9*z**2 + 27*z - 146. Is t(9) a composite number?
True
Let l = -43 + 39. Is (0 - (l - -3)) + 2608 prime?
True
Let u = -430 + 33977. Is u a composite number?
False
Let o(z) = 6*z + 25. Let m be o(2). Suppose -m*x = -30*x - 10073. Is x composite?
False
Let v = -76 - -78. Suppose -s - 16846 = -14*q + 10*q, v*s + 4 = 0. Is q a prime number?
True
Let d(i) = -11*i**3 - 2*i**2 - 5. Let r be d(-5). Suppose -2*j = -r + 24. Suppose 3*b - j = 561. Is b a composite number?
True
Let i be (0 + 3)*(-2 + 5 - -3). Suppose 0 = 3*a + r - 15, -i + 3 = -3*a - 4*r. Suppose 4*k - 2 - 2 = 0, j = a*k + 186. Is j composite?
False
Is -9 - -13 - (1 + 0)*(-2095509)/3 composite?
False
Let u = 36 + -252. Let k = u + 757. Is k a prime number?
True
Let k(u) = 94*u - 222. Let z be k(20). Let p = -513 - 304. Let s = z + p. Is s composite?
True
Let i(q) = 36*q**2 - q + 24. Suppose 27 = 3*k + 6. Is i(k) a composite number?
True
Let q be (((-18)/3)/(-6))/(3/5055). S